base 10
1530007
54165336 (base 7) to base 10
4621413
What is -110100111011111111000 (base 2) in base 12?
-6b7a20
Convert -2471a93 (base 12) to base 5.
-3310200402
-12001011010120 (base 3) to base 15
-37e0a0
1499379 (base 10) to base 3
2211011202120
-1337157 (base 8) to base 10
-376431
-5204520 (base 7) to base 11
-39648a
36497 (base 12) to base 16
11e33
Convert 1106bb (base 13) to base 6.
12332330
Convert 25cce (base 15) to base 12.
5a04b
Convert 3776684 (base 10) to base 14.
7044b2
Convert -20ba32 (base 12) to base 8.
-1764006
What is 2b91a (base 12) in base 13?
22189
What is 2b24 (base 12) in base 7?
20530
What is -839b3 (base 12) in base 10?
-172503
Convert 10000110100101101010001 (base 2) to base 8.
20645521
-120031320 (base 4) to base 14
-28212
-233202 (base 6) to base 3
-1000122202
Convert 263234 (base 9) to base 12.
78604
Convert 111111111010100001 (base 2) to base 8.
777241
Convert -10010111101 (base 3) to base 10.
-61597
Convert -1021110100100 (base 3) to base 4.
-2211211032
32320020 (base 4) to base 6
1150040
What is -30312122 (base 4) in base 13?
-1ac5a
What is -4bb397 (base 13) in base 14?
-356abb
-810b6 (base 13) to base 3
-102201122102
-320167b (base 13) to base 9
-31576530
Convert -31453 (base 10) to base 4.
-13223131
2022112302 (base 4) to base 11
357858
20112112002221 (base 3) to base 9
6475087
Convert 102022201201 (base 3) to base 13.
7a5a5
What is 10330030 (base 5) in base 15?
1b745
Convert 237428 (base 11) to base 7.
3123535
-1204014 (base 5) to base 12
-10b54
What is -11001010111100000 (base 2) in base 8?
-312740
Convert 25431304 (base 6) to base 10.
828472
What is -100103133003 (base 4) in base 10?
-4274115
-1006454 (base 8) to base 3
-111111012221
Convert 1360982 (base 12) to base 15.
5132e5
-40894 (base 13) to base 4
-130100011
-96ca9 (base 15) to base 10
-478734
402249 (base 13) to base 3
2210200211220
Convert -19187b3 (base 12) to base 8.
-24043567
-885181 (base 13) to base 12
-10a9837
What is -58719 (base 12) in base 6?
-2312433
Convert 2033320132 (base 4) to base 9.
1087374
29f8 (base 16) to base 3
112201221
-13211454 (base 6) to base 2
-1101010101110011010
Convert 202012331112 (base 4) to base 14.
128a754
-111010001100110 (base 2) to base 13
-10742
Convert 101111111011101001010011 (base 2) to base 9.
25571034
What is 14cb0c (base 13) in base 9?
862677
Convert 2093b (base 16) to base 3.
20210001001
Convert -3b8c5 (base 13) to base 9.
-178676
Convert -113223122102 (base 4) to base 14.
-b780dc
Convert -10100011000101110001000 (base 2) to base 15.
-7086ab
-b89379 (base 13) to base 2
-10000100001111000100011
Convert 2e7f3 (base 16) to base 13.
688c1
-101100100001100010 (base 2) to base 15
-39080
What is -11327364 (base 10) in base 15?
-edb3c9
531545411 (base 6) to base 10
9329839
-61b21 (base 14) to base 13
-83208
Convert -146747 (base 9) to base 2.
-10110000010100101
What is -202002111220201 (base 3) in base 11?
-6033873
-7b4c7c (base 15) to base 16
-59db31
What is -7526b (base 12) in base 10?
-154163
Convert 3614636 (base 8) to base 6.
33113250
-552972 (base 11) to base 2
-11010111011001110010
3a2ca (base 15) to base 7
1404022
What is 570088 (base 15) in base 7?
50200100
What is -40120152 (base 6) in base 8?
-4237304
Convert 6341514 (base 7) to base 8.
2731066
22480 (base 13) to base 6
1200224
What is 906029 (base 10) in base 14?
198285
What is 1121020010 (base 3) in base 15?
950c
What is 19261a (base 12) in base 7?
3511132
What is -14404423 (base 5) in base 3?
-21210220000
-423423 (base 5) to base 11
-a774
What is -2012201022110 (base 3) in base 7?
-12663516
What is -20122220012112 (base 3) in base 6?
-203521022
Convert 869ae (base 15) to base 11.
272161
Convert 238a (base 16) to base 13.
41ab
Convert -d0122a (base 15) to base 11.
-5635876
230206 (base 8) to base 4
103002012
18028 (base 10) to base 3
220201201
What is -6179707 (base 10) in base 6?
-340241431
-3276612 (base 8) to base 10
-884106
11137a (base 15) to base 8
3066125
Convert 1034140144 (base 5) to base 16.
226b3a
Convert -410110143 (base 6) to base 4.
-122232310233
What is -1210304420 (base 5) in base 11?
-1658636
25c14 (base 15) to base 9
203681
-2aab8 (base 13) to base 6
-1422405
Convert -1a411a (base 11) to base 9.
-526226
Convert -76116 (base 10) to base 5.
-4413431
5db33 (base 15) to base 7
2355150
What is -454655 (base 7) in base 6?
-1422415
What is -100101111101011111 (base 2) in base 13?
-55a07
-e7ce (base 15) to base 4
-23331323
112220100211122 (base 3) to base 4
132031201322
What is -42ea5 (base 16) in base 6?
-5512525
Convert -10041334 (base 7) to base 8.
-3134176
What is 120021001021 (base 3) in base 10?
300382
What is 11010000 (base 4) in base 16?
5100
12331310000 (base 4) to base 11
1037a34
Convert -1707a0a (base 13) to base 8.
-34310773
Convert 1000122210 (base 3) to base 8.
47303
435653 (base 7) to base 4
102222332
Convert 7071234 (base 8) to base 13.
503785
What is -243674 (base 12) in base 9?
-1083767
Convert -a52029 (base 12) to base 9.
-4785306
Convert 1674792 (base 11) to base 15.
3b36a1
5044656 (base 7) to base 8
2223004
b2c78 (base 13) to base 7
2503651
Convert -1126347 (base 8) to base 11.
-19a232
Convert 50176 (base 12) to base 14.
29c26
Convert -1543b (base 16) to base 14.
-23a55
56c656 (base 13) to base 15
2a8e8a
What is 9652b7 (base 12) in base 6?
122505551
What is -4195120 (base 11) in base 16?
-70b306
Convert -1252768 (base 9) to base 10.
-684431
Convert 245835 (base 10) to base 13.
87b85
What is 52143334 (base 6) in base 10?
1506730
What is -8a556 (base 13) in base 10?
-251374
-2932 (base 13) to base 11
-4525
4759 (base 13) to base 12
5991
Convert -7db4a3 (base 16) to base 6.
-452324003
Convert -2b035 (base 12) to base 4.
-32301221
Convert 14143432 (base 6) to base 5.
110332312
-444424230 (base 5) to base 6
-105500103
-1c7a1 (base 16) to base 11
-7a6a8
Convert -11110100111000000 (base 2) to base 13.
-450b4
What is 201124454 (base 6) in base 12?
118972a
Convert -4354515 (base 7) to base 8.
-2024173
What is 10120111133 (base 4) in base 7?
12521453
Convert a47a (base 15) to base 6.
424541
1108198 (base 10) to base 4
10032203212
111222100012200 (base 3) to base 6
423105113
What is -2fc43 (base 16) in base 3?
-100221101100
Convert -1100010011110111010 (base 2) to base 14.
-a7014
2108 (base 15) to base 9
10518
What is 2222515 (base 6) in base 15?
2331e
What is 101101001001000111010010 (base 2) in base 10?
11833810
What is -6c6ab (base 14) in base 6?
-5401411
-200133113 (base 4) to base 2
-100000011111010111
What is 2988a5 (base 11) in base 14?
c1974
4132202343 (base 5) to base 2
100000010101001011010100
What is 52251 (base 6) in base 15?
212a
-d20ce (base 15) to base 4
-2202113231
-3ceb (base 16) to base 13
-7138
-4a3ba (base 12) to base 8
-304676
What is 76222 (base 8) in base 3?
1121202010
What is -57ad72 (base 15) in base 7?
-50412002
What is -3c8c55 (base 13) in base 9?
-2700066
-1122421 (base 6) to base 8
-160415
What is -10111101000010011110 (base 2) in base 16?
-bd09e
Convert 1a1cd (base 16) to base 8.
320715
2334001314 (base 5) to base 15
7129c4
Convert -c150b (base 15) to base 9.
-1132462
-313a22 (base 11) to base 8
-1726355
2013523 (base 6) to base 8
272333
-453521 (base 6) to base 16
-9619
Convert 63437 (base 8) to base 11.
1891a
Convert -1031336 (base 7) to base 4.
-132212321
Convert -1111335 (base 6) to base 10.
-56075
Convert a9b65 (base 13) to base 2.
1001011000001111101
Convert 414234 (base 7) to base 14.
1bcc4
340829 (base 10) to base 3
122022112022
Convert 1225034 (base 10) to base 4.
10223011022
What is -103bc7 (base 13) in base 6?
-12050454
Convert -4b43683 (base 12) to base 8.
-70260003
What is -110101110110011011 (base 2) in base 3?
-102012120022
-358546 (base 14) to base 5
-432003141
-3343011 (base 7) to base 16
-65139
What is 415c33 (base 14) in base 13?
5c3032
What is -7bbba (base 12) in base 3?
-22102112221
What is 10111110010000111011 (base 2) in base 5?
144414243
What is 4b3a0 (base 12) in base 15?
20589
What is 24dbc (base 14) in base 7?
524625
What is 116328 (base 9) in base 13?
25c91
-3a2336 (base 11) to base 2
-10011010011100110011
Convert 762764 (base 12) to base 13.
506692
-273766 (base 8) to base 14
-2710a
Convert 226733 (base 14) to base 10.
1170361
Convert 106613 (base 7) to base 13.
8957
